{"id":718,"date":"2025-06-06T17:04:01","date_gmt":"2025-06-06T15:04:01","guid":{"rendered":"https:\/\/mr-p.eu\/?page_id=718"},"modified":"2026-02-01T12:29:32","modified_gmt":"2026-02-01T11:29:32","slug":"7-days-trial","status":"publish","type":"page","link":"https:\/\/mr-p.eu\/?page_id=718","title":{"rendered":"7 DAYS TRIAL"},"content":{"rendered":"\n<p class=\"has-text-align-center has-small-font-size\">Tydzie\u0144 to opcja dla os\u00f3b, kt\u00f3re s\u0105 zdecydowane na mocn\u0105 prac\u0119 nad zmianami \u017cyciowymi. To b\u0119dzie tydzie\u0144, kt\u00f3ry zmieni ci\u0105g dalszy Twojego \u017cycia. W tym okresie b\u0119dziemy mieli czas na dok\u0142adn\u0105 analiz\u0119 Twojego funkcjonowania i na g\u0142\u0119bokie przemiany w Twoim \u017cyciu codziennym jak i w Tobie zar\u00f3wno w postaci fizycznej jak i duchowej. To idealny czas na wytworzenie w Tobie nowych nawyk\u00f3w i przyzwyczaje\u0144, na nauk\u0119 i wsp\u00f3ln\u0105 praktyk\u0119 technik relaksacji i kontroli emocji, zmiany sposoby postrzegania sytuacji, kt\u00f3re si\u0119 Tobie przytrafiaj\u0105 i umiej\u0119tnego radzenia sobie z sob\u0105 i \u015bwiatem wko\u0142o Ciebie. Po wsp\u00f3lnie sp\u0119dzonym tygodniu zobaczysz, jak mo\u017cesz \u017cy\u0107 na co dzie\u0144 w pe\u0142ni szcz\u0119\u015bcia, spokoju, rado\u015bci i mi\u0142o\u015bci\u2026<\/p>\n\n\n\n<figure class=\"wp-block-image size-large\"><img decoding=\"async\" width=\"1024\" height=\"18\" src=\"https:\/\/mr-p.eu\/wp-content\/uploads\/2025\/06\/pasek-P-1024x18.png\" alt=\"\" class=\"wp-image-696\" srcset=\"https:\/\/mr-p.eu\/wp-content\/uploads\/2025\/06\/pasek-P-1024x18.png 1024w, https:\/\/mr-p.eu\/wp-content\/uploads\/2025\/06\/pasek-P-300x5.png 300w, https:\/\/mr-p.eu\/wp-content\/uploads\/2025\/06\/pasek-P-768x13.png 768w, https:\/\/mr-p.eu\/wp-content\/uploads\/2025\/06\/pasek-P-1536x26.png 1536w, https:\/\/mr-p.eu\/wp-content\/uploads\/2025\/06\/pasek-P.png 1918w\" sizes=\"(max-width: 767px) 89vw, (max-width: 1000px) 54vw, (max-width: 1071px) 543px, 580px\" \/><\/figure>\n\n\n\n<p class=\"has-text-align-center has-small-font-size\">A week is an option for people who are determined to work hard on life changes. This will be a week that will change the rest of Your life. During this period, we will have time for a thorough analysis of Your functioning and for deep changes in Your everyday life and in You, both physically and spiritually. This is the perfect time to create new habits and routines in You, to learn and practice relaxation techniques and emotion control together, to change the way You perceive situations that happen to You and to skillfully deal with Yourself and the world around You. After spending a week together, You will see how You can live every day in full happiness, peace, joy and love\u2026<\/p>\n\n\n\n<figure class=\"wp-block-gallery has-nested-images columns-4 is-cropped wp-block-gallery-1 is-layout-flex wp-block-gallery-is-layout-flex\">\n<figure class=\"wp-block-image size-large\"><a href=\"https:\/\/mr-p.eu\/?page_id=688\" target=\"_blank\" rel=\" noreferrer noopener\"><img fetchpriority=\"high\" decoding=\"async\" width=\"768\" height=\"1024\" data-id=\"892\" src=\"https:\/\/mr-p.eu\/wp-content\/uploads\/2026\/01\/1-DAY-TRIAL-300x400-2-768x1024.png\" alt=\"\" class=\"wp-image-892\" srcset=\"https:\/\/mr-p.eu\/wp-content\/uploads\/2026\/01\/1-DAY-TRIAL-300x400-2-768x1024.png 768w, https:\/\/mr-p.eu\/wp-content\/uploads\/2026\/01\/1-DAY-TRIAL-300x400-2-225x300.png 225w, https:\/\/mr-p.eu\/wp-content\/uploads\/2026\/01\/1-DAY-TRIAL-300x400-2-1152x1536.png 1152w, https:\/\/mr-p.eu\/wp-content\/uploads\/2026\/01\/1-DAY-TRIAL-300x400-2-1536x2048.png 1536w, https:\/\/mr-p.eu\/wp-content\/uploads\/2026\/01\/1-DAY-TRIAL-300x400-2-scaled.png 1920w\" sizes=\"(max-width: 767px) 89vw, (max-width: 1000px) 54vw, (max-width: 1071px) 543px, 580px\" \/><\/a><\/figure>\n\n\n\n<figure class=\"wp-block-image size-large\"><a href=\"https:\/\/mr-p.eu\/?page_id=706\" target=\"_blank\" rel=\" noreferrer noopener\"><img decoding=\"async\" width=\"768\" height=\"1024\" data-id=\"867\" src=\"https:\/\/mr-p.eu\/wp-content\/uploads\/2026\/01\/2-DAY-TRIAL-300x400-1-768x1024.png\" alt=\"\" class=\"wp-image-867\" srcset=\"https:\/\/mr-p.eu\/wp-content\/uploads\/2026\/01\/2-DAY-TRIAL-300x400-1-768x1024.png 768w, https:\/\/mr-p.eu\/wp-content\/uploads\/2026\/01\/2-DAY-TRIAL-300x400-1-225x300.png 225w, https:\/\/mr-p.eu\/wp-content\/uploads\/2026\/01\/2-DAY-TRIAL-300x400-1-1152x1536.png 1152w, https:\/\/mr-p.eu\/wp-content\/uploads\/2026\/01\/2-DAY-TRIAL-300x400-1-1536x2048.png 1536w, https:\/\/mr-p.eu\/wp-content\/uploads\/2026\/01\/2-DAY-TRIAL-300x400-1-scaled.png 1920w\" sizes=\"(max-width: 767px) 89vw, (max-width: 1000px) 54vw, (max-width: 1071px) 543px, 580px\" \/><\/a><\/figure>\n\n\n\n<figure class=\"wp-block-image size-full\"><a href=\"https:\/\/mr-p.eu\/?page_id=708\" target=\"_blank\" rel=\" noreferrer noopener\"><img loading=\"lazy\" decoding=\"async\" width=\"1920\" height=\"2560\" data-id=\"870\" src=\"https:\/\/mr-p.eu\/wp-content\/uploads\/2026\/01\/3-DAY-TRIAL-300x400-1-scaled.png\" alt=\"\" class=\"wp-image-870\" srcset=\"https:\/\/mr-p.eu\/wp-content\/uploads\/2026\/01\/3-DAY-TRIAL-300x400-1-scaled.png 1920w, https:\/\/mr-p.eu\/wp-content\/uploads\/2026\/01\/3-DAY-TRIAL-300x400-1-225x300.png 225w, https:\/\/mr-p.eu\/wp-content\/uploads\/2026\/01\/3-DAY-TRIAL-300x400-1-768x1024.png 768w, https:\/\/mr-p.eu\/wp-content\/uploads\/2026\/01\/3-DAY-TRIAL-300x400-1-1152x1536.png 1152w, https:\/\/mr-p.eu\/wp-content\/uploads\/2026\/01\/3-DAY-TRIAL-300x400-1-1536x2048.png 1536w\" sizes=\"(max-width: 767px) 89vw, (max-width: 1000px) 54vw, (max-width: 1071px) 543px, 580px\" \/><\/a><\/figure>\n\n\n\n<figure class=\"wp-block-image size-full\"><a href=\"https:\/\/mr-p.eu\/?page_id=543\" target=\"_blank\" rel=\" noreferrer noopener\"><img loading=\"lazy\" decoding=\"async\" width=\"1920\" height=\"2560\" data-id=\"947\" src=\"https:\/\/mr-p.eu\/wp-content\/uploads\/2026\/01\/CENNIK-2026-TRIALS-300x400-1-scaled.png\" alt=\"\" class=\"wp-image-947\" srcset=\"https:\/\/mr-p.eu\/wp-content\/uploads\/2026\/01\/CENNIK-2026-TRIALS-300x400-1-scaled.png 1920w, https:\/\/mr-p.eu\/wp-content\/uploads\/2026\/01\/CENNIK-2026-TRIALS-300x400-1-225x300.png 225w, https:\/\/mr-p.eu\/wp-content\/uploads\/2026\/01\/CENNIK-2026-TRIALS-300x400-1-768x1024.png 768w, https:\/\/mr-p.eu\/wp-content\/uploads\/2026\/01\/CENNIK-2026-TRIALS-300x400-1-1152x1536.png 1152w, https:\/\/mr-p.eu\/wp-content\/uploads\/2026\/01\/CENNIK-2026-TRIALS-300x400-1-1536x2048.png 1536w\" sizes=\"(max-width: 767px) 89vw, (max-width: 1000px) 54vw, (max-width: 1071px) 543px, 580px\" \/><\/a><\/figure>\n<\/figure>\n\n\n\n<figure class=\"wp-block-image size-large\"><a href=\"https:\/\/mr-p.eu\/?page_id=543\" target=\"_blank\" rel=\" noreferrer noopener\"><img loading=\"lazy\" decoding=\"async\" width=\"1024\" height=\"137\" src=\"https:\/\/mr-p.eu\/wp-content\/uploads\/2026\/01\/lets-meet-2026-1024x137.png\" alt=\"\" class=\"wp-image-975\" srcset=\"https:\/\/mr-p.eu\/wp-content\/uploads\/2026\/01\/lets-meet-2026-1024x137.png 1024w, https:\/\/mr-p.eu\/wp-content\/uploads\/2026\/01\/lets-meet-2026-300x40.png 300w, https:\/\/mr-p.eu\/wp-content\/uploads\/2026\/01\/lets-meet-2026-768x103.png 768w, https:\/\/mr-p.eu\/wp-content\/uploads\/2026\/01\/lets-meet-2026-1536x206.png 1536w, https:\/\/mr-p.eu\/wp-content\/uploads\/2026\/01\/lets-meet-2026.png 1918w\" sizes=\"(max-width: 767px) 89vw, (max-width: 1000px) 54vw, (max-width: 1071px) 543px, 580px\" \/><\/a><\/figure>\n\n\n\n<p><\/p>\n","protected":false},"excerpt":{"rendered":"<p>Tydzie\u0144 to opcja dla os\u00f3b, kt\u00f3re s\u0105 zdecydowane na mocn\u0105 prac\u0119 nad zmianami \u017cyciowymi. To b\u0119dzie tydzie\u0144, kt\u00f3ry zmieni ci\u0105g dalszy Twojego \u017cycia. W tym okresie b\u0119dziemy mieli czas na dok\u0142adn\u0105 analiz\u0119 Twojego funkcjonowania i na g\u0142\u0119bokie przemiany w Twoim \u017cyciu codziennym jak i w Tobie zar\u00f3wno w postaci fizycznej jak i duchowej. To idealny &hellip; <\/p>\n<p class=\"link-more\"><a href=\"https:\/\/mr-p.eu\/?page_id=718\" class=\"more-link\">Continue reading<span class=\"screen-reader-text\"> &#8220;7 DAYS TRIAL&#8221;<\/span><\/a><\/p>\n","protected":false},"author":1,"featured_media":774,"parent":0,"menu_order":0,"comment_status":"closed","ping_status":"closed","template":"","meta":{"footnotes":""},"class_list":["post-718","page","type-page","status-publish","has-post-thumbnail","hentry"],"yoast_head":"<!-- This site is optimized with the Yoast SEO plugin v21.3 - https:\/\/yoast.com\/wordpress\/plugins\/seo\/ -->\n<title>7 DAYS TRIAL -<\/title>\n<meta name=\"robots\" content=\"index, follow, max-snippet:-1, max-image-preview:large, max-video-preview:-1\" \/>\n<link rel=\"canonical\" href=\"https:\/\/mr-p.eu\/?page_id=718\" \/>\n<meta property=\"og:locale\" content=\"en_US\" \/>\n<meta property=\"og:type\" content=\"article\" \/>\n<meta property=\"og:title\" content=\"7 DAYS TRIAL -\" \/>\n<meta property=\"og:description\" content=\"Tydzie\u0144 to opcja dla os\u00f3b, kt\u00f3re s\u0105 zdecydowane na mocn\u0105 prac\u0119 nad zmianami \u017cyciowymi. To b\u0119dzie tydzie\u0144, kt\u00f3ry zmieni ci\u0105g dalszy Twojego \u017cycia. W tym okresie b\u0119dziemy mieli czas na dok\u0142adn\u0105 analiz\u0119 Twojego funkcjonowania i na g\u0142\u0119bokie przemiany w Twoim \u017cyciu codziennym jak i w Tobie zar\u00f3wno w postaci fizycznej jak i duchowej. To idealny &hellip; Continue reading &quot;7 DAYS TRIAL&quot;\" \/>\n<meta property=\"og:url\" content=\"https:\/\/mr-p.eu\/?page_id=718\" \/>\n<meta property=\"article:modified_time\" content=\"2026-02-01T11:29:32+00:00\" \/>\n<meta property=\"og:image\" content=\"https:\/\/mr-p.eu\/wp-content\/uploads\/2025\/06\/2025-6b.png\" \/>\n\t<meta property=\"og:image:width\" content=\"1\" \/>\n\t<meta property=\"og:image:height\" content=\"1\" \/>\n\t<meta property=\"og:image:type\" content=\"image\/png\" \/>\n<meta name=\"twitter:card\" content=\"summary_large_image\" \/>\n<meta name=\"twitter:label1\" content=\"Est. reading time\" \/>\n\t<meta name=\"twitter:data1\" content=\"3 minutes\" \/>\n<script type=\"application\/ld+json\" class=\"yoast-schema-graph\">{\"@context\":\"https:\/\/schema.org\",\"@graph\":[{\"@type\":\"WebPage\",\"@id\":\"https:\/\/mr-p.eu\/?page_id=718\",\"url\":\"https:\/\/mr-p.eu\/?page_id=718\",\"name\":\"7 DAYS TRIAL -\",\"isPartOf\":{\"@id\":\"https:\/\/mr-p.eu\/#website\"},\"datePublished\":\"2025-06-06T15:04:01+00:00\",\"dateModified\":\"2026-02-01T11:29:32+00:00\",\"breadcrumb\":{\"@id\":\"https:\/\/mr-p.eu\/?page_id=718#breadcrumb\"},\"inLanguage\":\"en-US\",\"potentialAction\":[{\"@type\":\"ReadAction\",\"target\":[\"https:\/\/mr-p.eu\/?page_id=718\"]}]},{\"@type\":\"BreadcrumbList\",\"@id\":\"https:\/\/mr-p.eu\/?page_id=718#breadcrumb\",\"itemListElement\":[{\"@type\":\"ListItem\",\"position\":1,\"name\":\"Home\",\"item\":\"https:\/\/mr-p.eu\/\"},{\"@type\":\"ListItem\",\"position\":2,\"name\":\"7 DAYS TRIAL\"}]},{\"@type\":\"WebSite\",\"@id\":\"https:\/\/mr-p.eu\/#website\",\"url\":\"https:\/\/mr-p.eu\/\",\"name\":\"\",\"description\":\"\",\"potentialAction\":[{\"@type\":\"SearchAction\",\"target\":{\"@type\":\"EntryPoint\",\"urlTemplate\":\"https:\/\/mr-p.eu\/?s={search_term_string}\"},\"query-input\":\"required name=search_term_string\"}],\"inLanguage\":\"en-US\"}]}<\/script>\n<!-- \/ Yoast SEO plugin. -->","yoast_head_json":{"title":"7 DAYS TRIAL -","robots":{"index":"index","follow":"follow","max-snippet":"max-snippet:-1","max-image-preview":"max-image-preview:large","max-video-preview":"max-video-preview:-1"},"canonical":"https:\/\/mr-p.eu\/?page_id=718","og_locale":"en_US","og_type":"article","og_title":"7 DAYS TRIAL -","og_description":"Tydzie\u0144 to opcja dla os\u00f3b, kt\u00f3re s\u0105 zdecydowane na mocn\u0105 prac\u0119 nad zmianami \u017cyciowymi. To b\u0119dzie tydzie\u0144, kt\u00f3ry zmieni ci\u0105g dalszy Twojego \u017cycia. W tym okresie b\u0119dziemy mieli czas na dok\u0142adn\u0105 analiz\u0119 Twojego funkcjonowania i na g\u0142\u0119bokie przemiany w Twoim \u017cyciu codziennym jak i w Tobie zar\u00f3wno w postaci fizycznej jak i duchowej. To idealny &hellip; Continue reading \"7 DAYS TRIAL\"","og_url":"https:\/\/mr-p.eu\/?page_id=718","article_modified_time":"2026-02-01T11:29:32+00:00","og_image":[{"url":"https:\/\/mr-p.eu\/wp-content\/uploads\/2025\/06\/2025-6b.png","width":1,"height":1,"type":"image\/png"}],"twitter_card":"summary_large_image","twitter_misc":{"Est. reading time":"3 minutes"},"schema":{"@context":"https:\/\/schema.org","@graph":[{"@type":"WebPage","@id":"https:\/\/mr-p.eu\/?page_id=718","url":"https:\/\/mr-p.eu\/?page_id=718","name":"7 DAYS TRIAL -","isPartOf":{"@id":"https:\/\/mr-p.eu\/#website"},"datePublished":"2025-06-06T15:04:01+00:00","dateModified":"2026-02-01T11:29:32+00:00","breadcrumb":{"@id":"https:\/\/mr-p.eu\/?page_id=718#breadcrumb"},"inLanguage":"en-US","potentialAction":[{"@type":"ReadAction","target":["https:\/\/mr-p.eu\/?page_id=718"]}]},{"@type":"BreadcrumbList","@id":"https:\/\/mr-p.eu\/?page_id=718#breadcrumb","itemListElement":[{"@type":"ListItem","position":1,"name":"Home","item":"https:\/\/mr-p.eu\/"},{"@type":"ListItem","position":2,"name":"7 DAYS TRIAL"}]},{"@type":"WebSite","@id":"https:\/\/mr-p.eu\/#website","url":"https:\/\/mr-p.eu\/","name":"","description":"","potentialAction":[{"@type":"SearchAction","target":{"@type":"EntryPoint","urlTemplate":"https:\/\/mr-p.eu\/?s={search_term_string}"},"query-input":"required name=search_term_string"}],"inLanguage":"en-US"}]}},"_links":{"self":[{"href":"https:\/\/mr-p.eu\/index.php?rest_route=\/wp\/v2\/pages\/718","targetHints":{"allow":["GET"]}}],"collection":[{"href":"https:\/\/mr-p.eu\/index.php?rest_route=\/wp\/v2\/pages"}],"about":[{"href":"https:\/\/mr-p.eu\/index.php?rest_route=\/wp\/v2\/types\/page"}],"author":[{"embeddable":true,"href":"https:\/\/mr-p.eu\/index.php?rest_route=\/wp\/v2\/users\/1"}],"replies":[{"embeddable":true,"href":"https:\/\/mr-p.eu\/index.php?rest_route=%2Fwp%2Fv2%2Fcomments&post=718"}],"version-history":[{"count":16,"href":"https:\/\/mr-p.eu\/index.php?rest_route=\/wp\/v2\/pages\/718\/revisions"}],"predecessor-version":[{"id":995,"href":"https:\/\/mr-p.eu\/index.php?rest_route=\/wp\/v2\/pages\/718\/revisions\/995"}],"wp:featuredmedia":[{"embeddable":true,"href":"https:\/\/mr-p.eu\/index.php?rest_route=\/wp\/v2\/media\/774"}],"wp:attachment":[{"href":"https:\/\/mr-p.eu\/index.php?rest_route=%2Fwp%2Fv2%2Fmedia&parent=718"}],"curies":[{"name":"wp","href":"https:\/\/api.w.org\/{rel}","templated":true}]}}