{"id":668,"date":"2025-06-04T20:18:47","date_gmt":"2025-06-04T18:18:47","guid":{"rendered":"https:\/\/mr-p.eu\/?page_id=668"},"modified":"2026-03-22T12:00:55","modified_gmt":"2026-03-22T11:00:55","slug":"trials","status":"publish","type":"page","link":"https:\/\/mr-p.eu\/?page_id=668","title":{"rendered":"TRIALS"},"content":{"rendered":"\n<p class=\"has-text-align-center\"><strong>ZAPRO\u015a MNIE DO SWOJEGO \u017bYCIA<\/strong><\/p>\n\n\n\n<figure class=\"wp-block-image size-large\"><img fetchpriority=\"high\" decoding=\"async\" width=\"1024\" height=\"383\" src=\"https:\/\/mr-p.eu\/wp-content\/uploads\/2026\/01\/TRIALS-PROST-2026-1024x383.png\" alt=\"\" class=\"wp-image-972\" srcset=\"https:\/\/mr-p.eu\/wp-content\/uploads\/2026\/01\/TRIALS-PROST-2026-1024x383.png 1024w, https:\/\/mr-p.eu\/wp-content\/uploads\/2026\/01\/TRIALS-PROST-2026-300x112.png 300w, https:\/\/mr-p.eu\/wp-content\/uploads\/2026\/01\/TRIALS-PROST-2026-768x287.png 768w, https:\/\/mr-p.eu\/wp-content\/uploads\/2026\/01\/TRIALS-PROST-2026-1536x575.png 1536w, https:\/\/mr-p.eu\/wp-content\/uploads\/2026\/01\/TRIALS-PROST-2026-2048x767.png 2048w\" sizes=\"(max-width: 767px) 89vw, (max-width: 1000px) 54vw, (max-width: 1071px) 543px, 580px\" \/><\/figure>\n\n\n\n<p class=\"has-text-align-center has-small-font-size\">A gdyby tak zrobi\u0107 co\u015b wi\u0119cej ni\u017c kr\u00f3tkie spotkania i nasze rozmowy? A gdyby tak sp\u0119dzi\u0107 ze sob\u0105 wi\u0119cej czasu dzie\u0144, weekend, tydzie\u0144? I zacz\u0105\u0107 nowe \u017cycie&#8230;<\/p>\n\n\n\n<p class=\"has-text-align-center has-small-font-size\">Wsp\u00f3lnie sp\u0119dzony czas ze mn\u0105 w ci\u0105gu Twojego normalnego dnia, w podczas kt\u00f3rego wsp\u00f3lnie zmienimy Twoje przyzwyczajenia, nawyki, zachowania i postrzegania otaczaj\u0105cego Ci\u0119 pi\u0119knego \u015bwiata. Czas pe\u0142en g\u0142\u0119bokich rozm\u00f3w przy codziennych obowi\u0105zkach, lub podczas dnia Twojego odpoczynku. Oczywi\u015bcie nie zabraknie te\u017c wprowadzenia nowych element\u00f3w do Twojej rutyny takich jak odrobina \u0107wicze\u0144, medytacji, nauki rado\u015bci i u\u015bmiechu bez \u017cadnej przyczyny i wiele innych, kt\u00f3re wybior\u0119 specjalnie dla Ciebie. Popracujemy tak\u017ce nad zmian\u0105 Twoich przyzwyczaje\u0144 i przekona\u0144, kt\u00f3re mog\u0105 Ci\u0119 ogranicza\u0107 w rozwoju i trzyma\u0107 w ryzach stresu, leku i niepokoju\u2026<\/p>\n\n\n\n<p class=\"has-text-align-center has-small-font-size\">Nie ma dw\u00f3ch takich samych os\u00f3b, dlatego ka\u017cdy program jest przygotowywany indywidualnie, z uwzgl\u0119dnieniem Twojego harmonogramu dnia, Twoich problem\u00f3w, przyczyn ch\u0119ci Twojej zmiany i mo\u017cliwo\u015bci \u2026<\/p>\n\n\n\n<p class=\"has-small-font-size\">W ka\u017cdym z program\u00f3w znajd\u0105 si\u0119 elementy<\/p>\n\n\n\n<ul class=\"wp-block-list\">\n<li class=\"has-small-font-size\">Coachingu &#8211; te najbardziej zwi\u0105zane z funkcjonowaniem w \u015bwiecie codziennym (nawyki \u017cywieniowe, ruchowe, zachowawcze, rozmowy i kontakty z lud\u017ami, etc) i praca nad nimi tak aby wyeliminowa\u0107 z Twojego funkcjonowania elementy powoduj\u0105ce stres, brak harmonii i negatywne odczucia. Skupimy si\u0119 tak\u017ce na Twoim \u017cyciu zawodowym i\/lub osobistym w zale\u017cno\u015bci od tego co wymaga wi\u0119cej pracy<\/li>\n\n\n\n<li class=\"has-small-font-size\">Mentoringu &#8211; te zwi\u0105zane mocniej z Twoj\u0105 emocjonalno\u015bci\u0105, duchowo\u015bci\u0105 i g\u0142\u0119bszym spojrzeniem w siebie (r\u00f3\u017cne formy medytacji, rozw\u00f3j uwa\u017cno\u015bci, zrozumienie zasady mi\u0142uj\u0105cej dobroci w praktyce, wprowadzenie balansu mi\u0119dzy \u017cyciem codziennym a Twoim wewn\u0119trznym ja \u2026)<\/li>\n\n\n\n<li class=\"has-small-font-size\">Pracy z energi\u0105 \u2013 odrobina g\u0142\u0119bszych duchowych dozna\u0144, zbalansowanie przep\u0142ywu energii przez Twoje czakry oraz przekazanie Tobie podstawowej wiedzy jak rozpozna\u0107 osoby, sytuacje, przedmioty, kt\u00f3re s\u0105 dla Ciebie korzystne lub nie, tak aby zacz\u0105\u0107 dokonywa\u0107 lepszych wybor\u00f3w w \u017cyciu codziennym<\/li>\n<\/ul>\n\n\n\n<figure class=\"wp-block-gallery has-nested-images columns-4 is-cropped wp-block-gallery-1 is-layout-flex wp-block-gallery-is-layout-flex\">\n<figure class=\"wp-block-image size-large\"><a href=\"https:\/\/mr-p.eu\/?page_id=688\" target=\"_blank\" rel=\" noreferrer noopener\"><img decoding=\"async\" width=\"768\" height=\"1024\" data-id=\"892\" src=\"https:\/\/mr-p.eu\/wp-content\/uploads\/2026\/01\/1-DAY-TRIAL-300x400-2-768x1024.png\" alt=\"\" class=\"wp-image-892\" srcset=\"https:\/\/mr-p.eu\/wp-content\/uploads\/2026\/01\/1-DAY-TRIAL-300x400-2-768x1024.png 768w, https:\/\/mr-p.eu\/wp-content\/uploads\/2026\/01\/1-DAY-TRIAL-300x400-2-225x300.png 225w, https:\/\/mr-p.eu\/wp-content\/uploads\/2026\/01\/1-DAY-TRIAL-300x400-2-1152x1536.png 1152w, https:\/\/mr-p.eu\/wp-content\/uploads\/2026\/01\/1-DAY-TRIAL-300x400-2-1536x2048.png 1536w, https:\/\/mr-p.eu\/wp-content\/uploads\/2026\/01\/1-DAY-TRIAL-300x400-2-scaled.png 1920w\" sizes=\"(max-width: 767px) 89vw, (max-width: 1000px) 54vw, (max-width: 1071px) 543px, 580px\" \/><\/a><\/figure>\n\n\n\n<figure class=\"wp-block-image size-large\"><a href=\"https:\/\/mr-p.eu\/?page_id=706\" target=\"_blank\" rel=\" noreferrer noopener\"><img decoding=\"async\" width=\"768\" height=\"1024\" data-id=\"867\" src=\"https:\/\/mr-p.eu\/wp-content\/uploads\/2026\/01\/2-DAY-TRIAL-300x400-1-768x1024.png\" alt=\"\" class=\"wp-image-867\" srcset=\"https:\/\/mr-p.eu\/wp-content\/uploads\/2026\/01\/2-DAY-TRIAL-300x400-1-768x1024.png 768w, https:\/\/mr-p.eu\/wp-content\/uploads\/2026\/01\/2-DAY-TRIAL-300x400-1-225x300.png 225w, https:\/\/mr-p.eu\/wp-content\/uploads\/2026\/01\/2-DAY-TRIAL-300x400-1-1152x1536.png 1152w, https:\/\/mr-p.eu\/wp-content\/uploads\/2026\/01\/2-DAY-TRIAL-300x400-1-1536x2048.png 1536w, https:\/\/mr-p.eu\/wp-content\/uploads\/2026\/01\/2-DAY-TRIAL-300x400-1-scaled.png 1920w\" sizes=\"(max-width: 767px) 89vw, (max-width: 1000px) 54vw, (max-width: 1071px) 543px, 580px\" \/><\/a><\/figure>\n\n\n\n<figure class=\"wp-block-image size-large\"><a href=\"https:\/\/mr-p.eu\/?page_id=708\" target=\"_blank\" rel=\" noreferrer noopener\"><img loading=\"lazy\" decoding=\"async\" width=\"768\" height=\"1024\" data-id=\"870\" src=\"https:\/\/mr-p.eu\/wp-content\/uploads\/2026\/01\/3-DAY-TRIAL-300x400-1-768x1024.png\" alt=\"\" class=\"wp-image-870\" srcset=\"https:\/\/mr-p.eu\/wp-content\/uploads\/2026\/01\/3-DAY-TRIAL-300x400-1-768x1024.png 768w, https:\/\/mr-p.eu\/wp-content\/uploads\/2026\/01\/3-DAY-TRIAL-300x400-1-225x300.png 225w, https:\/\/mr-p.eu\/wp-content\/uploads\/2026\/01\/3-DAY-TRIAL-300x400-1-1152x1536.png 1152w, https:\/\/mr-p.eu\/wp-content\/uploads\/2026\/01\/3-DAY-TRIAL-300x400-1-1536x2048.png 1536w, https:\/\/mr-p.eu\/wp-content\/uploads\/2026\/01\/3-DAY-TRIAL-300x400-1-scaled.png 1920w\" sizes=\"(max-width: 767px) 89vw, (max-width: 1000px) 54vw, (max-width: 1071px) 543px, 580px\" \/><\/a><\/figure>\n\n\n\n<figure class=\"wp-block-image size-large\"><a href=\"https:\/\/mr-p.eu\/?page_id=718\" target=\"_blank\" rel=\" noreferrer noopener\"><img loading=\"lazy\" decoding=\"async\" width=\"768\" height=\"1024\" data-id=\"873\" src=\"https:\/\/mr-p.eu\/wp-content\/uploads\/2026\/01\/7-DAY-TRIAL-300x400-1-768x1024.png\" alt=\"\" class=\"wp-image-873\" srcset=\"https:\/\/mr-p.eu\/wp-content\/uploads\/2026\/01\/7-DAY-TRIAL-300x400-1-768x1024.png 768w, https:\/\/mr-p.eu\/wp-content\/uploads\/2026\/01\/7-DAY-TRIAL-300x400-1-225x300.png 225w, https:\/\/mr-p.eu\/wp-content\/uploads\/2026\/01\/7-DAY-TRIAL-300x400-1-1152x1536.png 1152w, https:\/\/mr-p.eu\/wp-content\/uploads\/2026\/01\/7-DAY-TRIAL-300x400-1-1536x2048.png 1536w, https:\/\/mr-p.eu\/wp-content\/uploads\/2026\/01\/7-DAY-TRIAL-300x400-1-scaled.png 1920w\" sizes=\"(max-width: 767px) 89vw, (max-width: 1000px) 54vw, (max-width: 1071px) 543px, 580px\" \/><\/a><\/figure>\n<\/figure>\n\n\n\n<p class=\"has-text-align-center\"><\/p>\n\n\n\n<p class=\"has-text-align-center has-small-font-size\"><\/p>\n\n\n\n<p><\/p>\n","protected":false},"excerpt":{"rendered":"<p>ZAPRO\u015a MNIE DO SWOJEGO \u017bYCIA A gdyby tak zrobi\u0107 co\u015b wi\u0119cej ni\u017c kr\u00f3tkie spotkania i nasze rozmowy? A gdyby tak sp\u0119dzi\u0107 ze sob\u0105 wi\u0119cej czasu dzie\u0144, weekend, tydzie\u0144? I zacz\u0105\u0107 nowe \u017cycie&#8230; Wsp\u00f3lnie sp\u0119dzony czas ze mn\u0105 w ci\u0105gu Twojego normalnego dnia, w podczas kt\u00f3rego wsp\u00f3lnie zmienimy Twoje przyzwyczajenia, nawyki, zachowania i postrzegania otaczaj\u0105cego Ci\u0119 &hellip; <\/p>\n<p class=\"link-more\"><a href=\"https:\/\/mr-p.eu\/?page_id=668\" class=\"more-link\">Continue reading<span class=\"screen-reader-text\"> &#8220;TRIALS&#8221;<\/span><\/a><\/p>\n","protected":false},"author":1,"featured_media":774,"parent":0,"menu_order":0,"comment_status":"closed","ping_status":"closed","template":"","meta":{"footnotes":""},"class_list":["post-668","page","type-page","status-publish","has-post-thumbnail","hentry"],"yoast_head":"<!-- This site is optimized with the Yoast SEO plugin v21.3 - https:\/\/yoast.com\/wordpress\/plugins\/seo\/ -->\n<title>TRIALS - learn with me. meet me in Bali, mr-P.eu<\/title>\n<meta name=\"description\" content=\"A gdyby tak zrobi\u0107 co\u015b wi\u0119cej ni\u017c kr\u00f3tkie spotkania i nasze rozmowy? A gdyby tak sp\u0119dzi\u0107 ze sob\u0105 wi\u0119cej czasu? Dzie\u0144, weekend, tydzie\u0144?\" \/>\n<meta name=\"robots\" content=\"index, follow, max-snippet:-1, max-image-preview:large, max-video-preview:-1\" \/>\n<link rel=\"canonical\" href=\"https:\/\/mr-p.eu\/?page_id=668\" \/>\n<meta property=\"og:locale\" content=\"en_US\" \/>\n<meta property=\"og:type\" content=\"article\" \/>\n<meta property=\"og:title\" content=\"TRIALS - learn with me. meet me in Bali, mr-P.eu\" \/>\n<meta property=\"og:description\" content=\"A gdyby tak zrobi\u0107 co\u015b wi\u0119cej ni\u017c kr\u00f3tkie spotkania i nasze rozmowy? A gdyby tak sp\u0119dzi\u0107 ze sob\u0105 wi\u0119cej czasu? Dzie\u0144, weekend, tydzie\u0144?\" \/>\n<meta property=\"og:url\" content=\"https:\/\/mr-p.eu\/?page_id=668\" \/>\n<meta property=\"article:modified_time\" content=\"2026-03-22T11:00:55+00:00\" \/>\n<meta property=\"og:image\" content=\"https:\/\/mr-p.eu\/wp-content\/uploads\/2025\/06\/2025-6b.png\" \/>\n\t<meta property=\"og:image:width\" content=\"1\" \/>\n\t<meta property=\"og:image:height\" content=\"1\" \/>\n\t<meta property=\"og:image:type\" content=\"image\/png\" \/>\n<meta name=\"twitter:card\" content=\"summary_large_image\" \/>\n<meta name=\"twitter:label1\" content=\"Est. reading time\" \/>\n\t<meta name=\"twitter:data1\" content=\"3 minutes\" \/>\n<script type=\"application\/ld+json\" class=\"yoast-schema-graph\">{\"@context\":\"https:\/\/schema.org\",\"@graph\":[{\"@type\":\"WebPage\",\"@id\":\"https:\/\/mr-p.eu\/?page_id=668\",\"url\":\"https:\/\/mr-p.eu\/?page_id=668\",\"name\":\"TRIALS - learn with me. meet me in Bali, mr-P.eu\",\"isPartOf\":{\"@id\":\"https:\/\/mr-p.eu\/#website\"},\"datePublished\":\"2025-06-04T18:18:47+00:00\",\"dateModified\":\"2026-03-22T11:00:55+00:00\",\"description\":\"A gdyby tak zrobi\u0107 co\u015b wi\u0119cej ni\u017c kr\u00f3tkie spotkania i nasze rozmowy? A gdyby tak sp\u0119dzi\u0107 ze sob\u0105 wi\u0119cej czasu? Dzie\u0144, weekend, tydzie\u0144?\",\"breadcrumb\":{\"@id\":\"https:\/\/mr-p.eu\/?page_id=668#breadcrumb\"},\"inLanguage\":\"en-US\",\"potentialAction\":[{\"@type\":\"ReadAction\",\"target\":[\"https:\/\/mr-p.eu\/?page_id=668\"]}]},{\"@type\":\"BreadcrumbList\",\"@id\":\"https:\/\/mr-p.eu\/?page_id=668#breadcrumb\",\"itemListElement\":[{\"@type\":\"ListItem\",\"position\":1,\"name\":\"Home\",\"item\":\"https:\/\/mr-p.eu\/\"},{\"@type\":\"ListItem\",\"position\":2,\"name\":\"TRIALS\"}]},{\"@type\":\"WebSite\",\"@id\":\"https:\/\/mr-p.eu\/#website\",\"url\":\"https:\/\/mr-p.eu\/\",\"name\":\"\",\"description\":\"\",\"potentialAction\":[{\"@type\":\"SearchAction\",\"target\":{\"@type\":\"EntryPoint\",\"urlTemplate\":\"https:\/\/mr-p.eu\/?s={search_term_string}\"},\"query-input\":\"required name=search_term_string\"}],\"inLanguage\":\"en-US\"}]}<\/script>\n<!-- \/ Yoast SEO plugin. -->","yoast_head_json":{"title":"TRIALS - learn with me. meet me in Bali, mr-P.eu","description":"A gdyby tak zrobi\u0107 co\u015b wi\u0119cej ni\u017c kr\u00f3tkie spotkania i nasze rozmowy? A gdyby tak sp\u0119dzi\u0107 ze sob\u0105 wi\u0119cej czasu? Dzie\u0144, weekend, tydzie\u0144?","robots":{"index":"index","follow":"follow","max-snippet":"max-snippet:-1","max-image-preview":"max-image-preview:large","max-video-preview":"max-video-preview:-1"},"canonical":"https:\/\/mr-p.eu\/?page_id=668","og_locale":"en_US","og_type":"article","og_title":"TRIALS - learn with me. meet me in Bali, mr-P.eu","og_description":"A gdyby tak zrobi\u0107 co\u015b wi\u0119cej ni\u017c kr\u00f3tkie spotkania i nasze rozmowy? A gdyby tak sp\u0119dzi\u0107 ze sob\u0105 wi\u0119cej czasu? Dzie\u0144, weekend, tydzie\u0144?","og_url":"https:\/\/mr-p.eu\/?page_id=668","article_modified_time":"2026-03-22T11:00:55+00:00","og_image":[{"url":"https:\/\/mr-p.eu\/wp-content\/uploads\/2025\/06\/2025-6b.png","width":1,"height":1,"type":"image\/png"}],"twitter_card":"summary_large_image","twitter_misc":{"Est. reading time":"3 minutes"},"schema":{"@context":"https:\/\/schema.org","@graph":[{"@type":"WebPage","@id":"https:\/\/mr-p.eu\/?page_id=668","url":"https:\/\/mr-p.eu\/?page_id=668","name":"TRIALS - learn with me. meet me in Bali, mr-P.eu","isPartOf":{"@id":"https:\/\/mr-p.eu\/#website"},"datePublished":"2025-06-04T18:18:47+00:00","dateModified":"2026-03-22T11:00:55+00:00","description":"A gdyby tak zrobi\u0107 co\u015b wi\u0119cej ni\u017c kr\u00f3tkie spotkania i nasze rozmowy? A gdyby tak sp\u0119dzi\u0107 ze sob\u0105 wi\u0119cej czasu? Dzie\u0144, weekend, tydzie\u0144?","breadcrumb":{"@id":"https:\/\/mr-p.eu\/?page_id=668#breadcrumb"},"inLanguage":"en-US","potentialAction":[{"@type":"ReadAction","target":["https:\/\/mr-p.eu\/?page_id=668"]}]},{"@type":"BreadcrumbList","@id":"https:\/\/mr-p.eu\/?page_id=668#breadcrumb","itemListElement":[{"@type":"ListItem","position":1,"name":"Home","item":"https:\/\/mr-p.eu\/"},{"@type":"ListItem","position":2,"name":"TRIALS"}]},{"@type":"WebSite","@id":"https:\/\/mr-p.eu\/#website","url":"https:\/\/mr-p.eu\/","name":"","description":"","potentialAction":[{"@type":"SearchAction","target":{"@type":"EntryPoint","urlTemplate":"https:\/\/mr-p.eu\/?s={search_term_string}"},"query-input":"required name=search_term_string"}],"inLanguage":"en-US"}]}},"_links":{"self":[{"href":"https:\/\/mr-p.eu\/index.php?rest_route=\/wp\/v2\/pages\/668","targetHints":{"allow":["GET"]}}],"collection":[{"href":"https:\/\/mr-p.eu\/index.php?rest_route=\/wp\/v2\/pages"}],"about":[{"href":"https:\/\/mr-p.eu\/index.php?rest_route=\/wp\/v2\/types\/page"}],"author":[{"embeddable":true,"href":"https:\/\/mr-p.eu\/index.php?rest_route=\/wp\/v2\/users\/1"}],"replies":[{"embeddable":true,"href":"https:\/\/mr-p.eu\/index.php?rest_route=%2Fwp%2Fv2%2Fcomments&post=668"}],"version-history":[{"count":30,"href":"https:\/\/mr-p.eu\/index.php?rest_route=\/wp\/v2\/pages\/668\/revisions"}],"predecessor-version":[{"id":1051,"href":"https:\/\/mr-p.eu\/index.php?rest_route=\/wp\/v2\/pages\/668\/revisions\/1051"}],"wp:featuredmedia":[{"embeddable":true,"href":"https:\/\/mr-p.eu\/index.php?rest_route=\/wp\/v2\/media\/774"}],"wp:attachment":[{"href":"https:\/\/mr-p.eu\/index.php?rest_route=%2Fwp%2Fv2%2Fmedia&parent=668"}],"curies":[{"name":"wp","href":"https:\/\/api.w.org\/{rel}","templated":true}]}}