{"id":543,"date":"2025-03-27T17:45:47","date_gmt":"2025-03-27T16:45:47","guid":{"rendered":"https:\/\/mr-p.eu\/?page_id=543"},"modified":"2026-02-05T13:42:42","modified_gmt":"2026-02-05T12:42:42","slug":"kontakt","status":"publish","type":"page","link":"https:\/\/mr-p.eu\/?page_id=543","title":{"rendered":"LET&#8217;S MEET"},"content":{"rendered":"\n<p class=\"has-text-align-center has-small-font-size\">Spotkania ze mn\u0105 to moja autorska metoda pracy ze stresem, l\u0119kiem, z\u0142ym samopoczuciem, brakiem warto\u015bci, objawami depresji i wszystkim co powoduje spadek Twojego dobrego samopoczucia i spokoju \u017cycia.<\/p>\n\n\n\n<p class=\"has-text-align-center has-small-font-size\">Ch\u0119tnie pomog\u0119 Ci tak\u017ce w odnalezieniu Twoje nowej drogie \u017cyciowej, tak i zawodowej jak i prywatnej. Niezale\u017cnie od tego czy potrzebujesz zmian w pracy, firmie czy relacji moje do\u015bwiadczenie, otwarte serce, umys\u0142 oraz wyj\u0105tkowo pozytywne spojrzenie na \u015bwiat pomo\u017ce Ci otworzy\u0107 si\u0119 na nowe mo\u017cliwo\u015bci<\/p>\n\n\n\n<p class=\"has-text-align-center has-small-font-size\">Spotkania mog\u0119 prowadzi\u0107 w wybranym dla Ciebie j\u0119zyku: polskim, angielskim, lub hiszpa\u0144skim, a odbywa\u0107 si\u0119 mog\u0105 online, lub stacjonarnie, ale to zale\u017cy czy aktualnie jeste\u015bmy w tej samej cz\u0119\u015bci \u015bwiata&#8230;<\/p>\n\n\n\n<p class=\"has-text-align-center has-small-font-size\"><strong>SESJA 1:1<\/strong> to praca nad indywidualnym rozwojem, nad znalezieniem odpowiedzi i rozwi\u0105za\u0144 dopasowanych dla Ciebie, tak aby\u015b nigdy wi\u0119cej nie zazna\u0142 smutku i cierpienia<\/p>\n\n\n\n<p class=\"has-text-align-center has-small-font-size\"><strong>SESJE GRUPOWE<\/strong> to bardziej sesje motywacyjno-medytacyjne, podczas kt\u00f3rych omawiamy i dyskutujemy nad wybranymi zagadnieniami, a tak\u017ce uczymy si\u0119 podstaw relaksacji poprzez medytacje\u2026<\/p>\n\n\n\n<p class=\"has-text-align-center has-small-font-size\"><strong>WARSZTATY<\/strong> to zaj\u0119cia dopasowane do konkretnej grupy, mog\u0105 one urozmaici\u0107 firmowe szkolenie, lub przyjacielski pobyt weekendowy podczas kt\u00f3rego zag\u0142\u0119bimy si\u0119 w temat dobrego samopoczucia, osi\u0105gania spokoju, nauczymy si\u0119 podstaw medytacji i ujarzmiania swoich negatywnych my\u015bli\u2026<\/p>\n\n\n\n<p class=\"has-text-align-center has-small-font-size\"><strong>SZKOLENIA<\/strong> to g\u0142ownie gotowe programy przeznaczone do szkole\u0144 pracownik\u00f3w, kadry menad\u017cerskiej i zarz\u0105dzaj\u0105cej ma\u0142ych i du\u017cych firm. Oczywi\u015bcie na \u017cyczenie mo\u017cemy przygotowa\u0107 szkolenia w innych tematach z zakresu psychologii, rozwoju osobistego i motywacji.<\/p>\n\n\n\n<p class=\"has-small-font-size\"><strong>whatsapp:<\/strong><br>+34 695 71 11 91<\/p>\n\n\n\n<p class=\"has-small-font-size\"><strong>line:<\/strong><br>mrpeu<\/p>\n\n\n\n<p class=\"has-small-font-size\"><strong>e-mail:<\/strong><br>peter@mr-P.eu<\/p>\n\n\n\n<p class=\"has-small-font-size\"><strong>sesje 1:1, online, grupowe, warsztaty, szkolenia<\/strong><\/p>\n\n\n\n<figure class=\"wp-block-gallery has-nested-images columns-default is-cropped wp-block-gallery-1 is-layout-flex wp-block-gallery-is-layout-flex\">\n<figure class=\"wp-block-image size-large\"><img fetchpriority=\"high\" decoding=\"async\" width=\"768\" height=\"1024\" data-id=\"946\" src=\"https:\/\/mr-p.eu\/wp-content\/uploads\/2026\/01\/CENNIK-2026-300x400-3-768x1024.png\" alt=\"\" class=\"wp-image-946\" srcset=\"https:\/\/mr-p.eu\/wp-content\/uploads\/2026\/01\/CENNIK-2026-300x400-3-768x1024.png 768w, https:\/\/mr-p.eu\/wp-content\/uploads\/2026\/01\/CENNIK-2026-300x400-3-225x300.png 225w, https:\/\/mr-p.eu\/wp-content\/uploads\/2026\/01\/CENNIK-2026-300x400-3-1152x1536.png 1152w, https:\/\/mr-p.eu\/wp-content\/uploads\/2026\/01\/CENNIK-2026-300x400-3-1536x2048.png 1536w, https:\/\/mr-p.eu\/wp-content\/uploads\/2026\/01\/CENNIK-2026-300x400-3-scaled.png 1920w\" sizes=\"(max-width: 767px) 89vw, (max-width: 1000px) 54vw, (max-width: 1071px) 543px, 580px\" \/><\/figure>\n\n\n\n<figure class=\"wp-block-image size-full\"><img decoding=\"async\" width=\"1920\" height=\"2560\" data-id=\"947\" src=\"https:\/\/mr-p.eu\/wp-content\/uploads\/2026\/01\/CENNIK-2026-TRIALS-300x400-1-scaled.png\" alt=\"\" class=\"wp-image-947\" srcset=\"https:\/\/mr-p.eu\/wp-content\/uploads\/2026\/01\/CENNIK-2026-TRIALS-300x400-1-scaled.png 1920w, https:\/\/mr-p.eu\/wp-content\/uploads\/2026\/01\/CENNIK-2026-TRIALS-300x400-1-225x300.png 225w, https:\/\/mr-p.eu\/wp-content\/uploads\/2026\/01\/CENNIK-2026-TRIALS-300x400-1-768x1024.png 768w, https:\/\/mr-p.eu\/wp-content\/uploads\/2026\/01\/CENNIK-2026-TRIALS-300x400-1-1152x1536.png 1152w, https:\/\/mr-p.eu\/wp-content\/uploads\/2026\/01\/CENNIK-2026-TRIALS-300x400-1-1536x2048.png 1536w\" sizes=\"(max-width: 767px) 89vw, (max-width: 1000px) 54vw, (max-width: 1071px) 543px, 580px\" \/><\/figure>\n<\/figure>\n\n\n\n<p><\/p>\n","protected":false},"excerpt":{"rendered":"<p>Spotkania ze mn\u0105 to moja autorska metoda pracy ze stresem, l\u0119kiem, z\u0142ym samopoczuciem, brakiem warto\u015bci, objawami depresji i wszystkim co powoduje spadek Twojego dobrego samopoczucia i spokoju \u017cycia. Ch\u0119tnie pomog\u0119 Ci tak\u017ce w odnalezieniu Twoje nowej drogie \u017cyciowej, tak i zawodowej jak i prywatnej. Niezale\u017cnie od tego czy potrzebujesz zmian w pracy, firmie czy relacji &hellip; <\/p>\n<p class=\"link-more\"><a href=\"https:\/\/mr-p.eu\/?page_id=543\" class=\"more-link\">Continue reading<span class=\"screen-reader-text\"> &#8220;LET&#8217;S MEET&#8221;<\/span><\/a><\/p>\n","protected":false},"author":1,"featured_media":651,"parent":0,"menu_order":0,"comment_status":"closed","ping_status":"closed","template":"","meta":{"footnotes":""},"class_list":["post-543","page","type-page","status-publish","has-post-thumbnail","hentry"],"yoast_head":"<!-- This site is optimized with the Yoast SEO plugin v21.3 - https:\/\/yoast.com\/wordpress\/plugins\/seo\/ -->\n<title>spotkanie let&#039;s meet coaching mr-p.eu<\/title>\n<meta name=\"description\" content=\"Spotkania ze mn\u0105 to moja autorska metoda pracy ze stresem, l\u0119kiem, z\u0142ym samopoczuciem, brakiem warto\u015bci, objawami depresji i wszystkim co powoduje spadek Twojego dobrego samopoczucia i spokoju \u017cycia.\" \/>\n<meta name=\"robots\" content=\"index, follow, max-snippet:-1, max-image-preview:large, max-video-preview:-1\" \/>\n<link rel=\"canonical\" href=\"https:\/\/mr-p.eu\/?page_id=543\" \/>\n<meta property=\"og:locale\" content=\"en_US\" \/>\n<meta property=\"og:type\" content=\"article\" \/>\n<meta property=\"og:title\" content=\"spotkanie let&#039;s meet coaching mr-p.eu\" \/>\n<meta property=\"og:description\" content=\"Spotkania ze mn\u0105 to moja autorska metoda pracy ze stresem, l\u0119kiem, z\u0142ym samopoczuciem, brakiem warto\u015bci, objawami depresji i wszystkim co powoduje spadek Twojego dobrego samopoczucia i spokoju \u017cycia.\" \/>\n<meta property=\"og:url\" content=\"https:\/\/mr-p.eu\/?page_id=543\" \/>\n<meta property=\"article:modified_time\" content=\"2026-02-05T12:42:42+00:00\" \/>\n<meta property=\"og:image\" content=\"https:\/\/mr-p.eu\/wp-content\/uploads\/2025\/05\/2025-5-scaled.png\" \/>\n\t<meta property=\"og:image:width\" content=\"2560\" \/>\n\t<meta property=\"og:image:height\" content=\"1315\" \/>\n\t<meta property=\"og:image:type\" content=\"image\/png\" \/>\n<meta name=\"twitter:card\" content=\"summary_large_image\" \/>\n<meta name=\"twitter:label1\" content=\"Est. reading time\" \/>\n\t<meta name=\"twitter:data1\" content=\"2 minutes\" \/>\n<script type=\"application\/ld+json\" class=\"yoast-schema-graph\">{\"@context\":\"https:\/\/schema.org\",\"@graph\":[{\"@type\":\"WebPage\",\"@id\":\"https:\/\/mr-p.eu\/?page_id=543\",\"url\":\"https:\/\/mr-p.eu\/?page_id=543\",\"name\":\"spotkanie let's meet coaching mr-p.eu\",\"isPartOf\":{\"@id\":\"https:\/\/mr-p.eu\/#website\"},\"datePublished\":\"2025-03-27T16:45:47+00:00\",\"dateModified\":\"2026-02-05T12:42:42+00:00\",\"description\":\"Spotkania ze mn\u0105 to moja autorska metoda pracy ze stresem, l\u0119kiem, z\u0142ym samopoczuciem, brakiem warto\u015bci, objawami depresji i wszystkim co powoduje spadek Twojego dobrego samopoczucia i spokoju \u017cycia.\",\"breadcrumb\":{\"@id\":\"https:\/\/mr-p.eu\/?page_id=543#breadcrumb\"},\"inLanguage\":\"en-US\",\"potentialAction\":[{\"@type\":\"ReadAction\",\"target\":[\"https:\/\/mr-p.eu\/?page_id=543\"]}]},{\"@type\":\"BreadcrumbList\",\"@id\":\"https:\/\/mr-p.eu\/?page_id=543#breadcrumb\",\"itemListElement\":[{\"@type\":\"ListItem\",\"position\":1,\"name\":\"Home\",\"item\":\"https:\/\/mr-p.eu\/\"},{\"@type\":\"ListItem\",\"position\":2,\"name\":\"LET&#8217;S MEET\"}]},{\"@type\":\"WebSite\",\"@id\":\"https:\/\/mr-p.eu\/#website\",\"url\":\"https:\/\/mr-p.eu\/\",\"name\":\"\",\"description\":\"\",\"potentialAction\":[{\"@type\":\"SearchAction\",\"target\":{\"@type\":\"EntryPoint\",\"urlTemplate\":\"https:\/\/mr-p.eu\/?s={search_term_string}\"},\"query-input\":\"required name=search_term_string\"}],\"inLanguage\":\"en-US\"}]}<\/script>\n<!-- \/ Yoast SEO plugin. -->","yoast_head_json":{"title":"spotkanie let's meet coaching mr-p.eu","description":"Spotkania ze mn\u0105 to moja autorska metoda pracy ze stresem, l\u0119kiem, z\u0142ym samopoczuciem, brakiem warto\u015bci, objawami depresji i wszystkim co powoduje spadek Twojego dobrego samopoczucia i spokoju \u017cycia.","robots":{"index":"index","follow":"follow","max-snippet":"max-snippet:-1","max-image-preview":"max-image-preview:large","max-video-preview":"max-video-preview:-1"},"canonical":"https:\/\/mr-p.eu\/?page_id=543","og_locale":"en_US","og_type":"article","og_title":"spotkanie let's meet coaching mr-p.eu","og_description":"Spotkania ze mn\u0105 to moja autorska metoda pracy ze stresem, l\u0119kiem, z\u0142ym samopoczuciem, brakiem warto\u015bci, objawami depresji i wszystkim co powoduje spadek Twojego dobrego samopoczucia i spokoju \u017cycia.","og_url":"https:\/\/mr-p.eu\/?page_id=543","article_modified_time":"2026-02-05T12:42:42+00:00","og_image":[{"width":2560,"height":1315,"url":"https:\/\/mr-p.eu\/wp-content\/uploads\/2025\/05\/2025-5-scaled.png","type":"image\/png"}],"twitter_card":"summary_large_image","twitter_misc":{"Est. reading time":"2 minutes"},"schema":{"@context":"https:\/\/schema.org","@graph":[{"@type":"WebPage","@id":"https:\/\/mr-p.eu\/?page_id=543","url":"https:\/\/mr-p.eu\/?page_id=543","name":"spotkanie let's meet coaching mr-p.eu","isPartOf":{"@id":"https:\/\/mr-p.eu\/#website"},"datePublished":"2025-03-27T16:45:47+00:00","dateModified":"2026-02-05T12:42:42+00:00","description":"Spotkania ze mn\u0105 to moja autorska metoda pracy ze stresem, l\u0119kiem, z\u0142ym samopoczuciem, brakiem warto\u015bci, objawami depresji i wszystkim co powoduje spadek Twojego dobrego samopoczucia i spokoju \u017cycia.","breadcrumb":{"@id":"https:\/\/mr-p.eu\/?page_id=543#breadcrumb"},"inLanguage":"en-US","potentialAction":[{"@type":"ReadAction","target":["https:\/\/mr-p.eu\/?page_id=543"]}]},{"@type":"BreadcrumbList","@id":"https:\/\/mr-p.eu\/?page_id=543#breadcrumb","itemListElement":[{"@type":"ListItem","position":1,"name":"Home","item":"https:\/\/mr-p.eu\/"},{"@type":"ListItem","position":2,"name":"LET&#8217;S MEET"}]},{"@type":"WebSite","@id":"https:\/\/mr-p.eu\/#website","url":"https:\/\/mr-p.eu\/","name":"","description":"","potentialAction":[{"@type":"SearchAction","target":{"@type":"EntryPoint","urlTemplate":"https:\/\/mr-p.eu\/?s={search_term_string}"},"query-input":"required name=search_term_string"}],"inLanguage":"en-US"}]}},"_links":{"self":[{"href":"https:\/\/mr-p.eu\/index.php?rest_route=\/wp\/v2\/pages\/543","targetHints":{"allow":["GET"]}}],"collection":[{"href":"https:\/\/mr-p.eu\/index.php?rest_route=\/wp\/v2\/pages"}],"about":[{"href":"https:\/\/mr-p.eu\/index.php?rest_route=\/wp\/v2\/types\/page"}],"author":[{"embeddable":true,"href":"https:\/\/mr-p.eu\/index.php?rest_route=\/wp\/v2\/users\/1"}],"replies":[{"embeddable":true,"href":"https:\/\/mr-p.eu\/index.php?rest_route=%2Fwp%2Fv2%2Fcomments&post=543"}],"version-history":[{"count":22,"href":"https:\/\/mr-p.eu\/index.php?rest_route=\/wp\/v2\/pages\/543\/revisions"}],"predecessor-version":[{"id":998,"href":"https:\/\/mr-p.eu\/index.php?rest_route=\/wp\/v2\/pages\/543\/revisions\/998"}],"wp:featuredmedia":[{"embeddable":true,"href":"https:\/\/mr-p.eu\/index.php?rest_route=\/wp\/v2\/media\/651"}],"wp:attachment":[{"href":"https:\/\/mr-p.eu\/index.php?rest_route=%2Fwp%2Fv2%2Fmedia&parent=543"}],"curies":[{"name":"wp","href":"https:\/\/api.w.org\/{rel}","templated":true}]}}