{"id":416,"date":"2024-08-30T22:41:37","date_gmt":"2024-08-30T20:41:37","guid":{"rendered":"https:\/\/mr-p.eu\/?page_id=416"},"modified":"2026-03-02T05:04:34","modified_gmt":"2026-03-02T04:04:34","slug":"mentoring","status":"publish","type":"page","link":"https:\/\/mr-p.eu\/?page_id=416","title":{"rendered":"MENTORING"},"content":{"rendered":"\n<p class=\"has-text-align-center has-small-font-size\"><strong>CZYM JEST MENTORING DUCHOWY?<\/strong><\/p>\n\n\n\n<p class=\"has-text-align-center has-small-font-size\">Mentoring Duchowy to przede wszystkim wsparcie w rozwoju duchowym. Duchowo\u015b\u0107 to nie \u017cadna religia, czy nurt do na\u015bladowania. Duchowo\u015b\u0107 to umiej\u0119tny wgl\u0105d w siebie, g\u0142\u00f3wnie poprzez praktyki medytacyjne oraz umiej\u0119tne poznawanie swojej wewn\u0119trznej natury.<\/p>\n\n\n\n<p class=\"has-text-align-center has-small-font-size\"><strong>KTO TO JEST MENTOR?<\/strong><\/p>\n\n\n\n<p class=\"has-text-align-center has-small-font-size\">Mentor, Guru, Nauczyciel duchowy \u2013 wszystkie te osoby maj\u0105 ze sob\u0105 wiele wsp\u00f3lnego, \u0142\u0105czy ich misja pomocy ludziom, kt\u00f3rzy chc\u0105 odnale\u017a\u0107 duchow\u0105 drog\u0119 \u017cycia, drog\u0119 zmian pogl\u0105d\u00f3w, nauki prawd o naszym wn\u0119trzu, kt\u00f3re prowadz\u0105 nas do osi\u0105gni\u0119cia spokoju \u017cycia.<\/p>\n\n\n\n<p class=\"has-text-align-center has-small-font-size\"><strong>DLACZEGO JESTEM MENTOREM?<\/strong><\/p>\n\n\n\n<p class=\"has-text-align-center has-small-font-size\">Przez lata podr\u00f3\u017cy g\u0142\u00f3wnie po krajach azjatyckich pozna\u0142em szereg r\u00f3\u017cnych metod medytacyjnych i relaksacyjnych, kt\u00f3re u\u017cywa\u0142em do swojego rozwoju. Na w\u0142asnym przyk\u0142adzie wiem jak mocne w dzia\u0142aniu s\u0105 umiej\u0119tno\u015bci zarz\u0105dzania emocjami, umys\u0142em i wgl\u0105dem.<\/p>\n\n\n\n<p class=\"has-text-align-center has-small-font-size\">Mentoring Duchowy to praca ze mn\u0105 nad samorozwojem duchowym, emocjonalnym i energetycznym. Jako mentor jestem przewodnikiem i drogowskazem do pod\u0105\u017cania \u015bcie\u017ck\u0105 rozwoju duchowego poprzez medytacj\u0119 i umiej\u0119tny wgl\u0105d w siebie, swoje zachowania, \u017cycie i rozw\u00f3j swojej naturalnej mi\u0142o\u015bci i dobroci, b\u0119d\u0105cej natur\u0105 ka\u017cdego cz\u0142owieka, prac\u0119 nad \u017cyciow\u0105 energi\u0105 witaln\u0105, a tak\u017ce na umiej\u0119tno\u015bci szukania i praktykowania balansu \u017cyciowego pomi\u0119dzy \u017cyciem codziennym i duchowym.<\/p>\n\n\n\n<p class=\"has-text-align-center has-small-font-size\"><\/p>\n\n\n\n<p class=\"has-text-align-center has-small-font-size\">MEDYTACJA JAKO \u017bYCIOWA DROGA<br>MEDYTACJA JAKO SZTUKA RELAKSACJI<br>ODNAJDYWANIE BALANSU \u017bYCIOWEGO<br>TECHNIKI SAMODOSKONALENIA<br>MI\u0141UJ\u0104CA DOBRO\u0106 W PRAKTYCE<\/p>\n\n\n\n<figure class=\"wp-block-image size-large\"><a href=\"https:\/\/mr-p.eu\/?page_id=543\" target=\"_blank\" rel=\" noreferrer noopener\"><img fetchpriority=\"high\" decoding=\"async\" width=\"1024\" height=\"137\" src=\"https:\/\/mr-p.eu\/wp-content\/uploads\/2026\/01\/lets-meet-2026-1024x137.png\" alt=\"\" class=\"wp-image-975\" srcset=\"https:\/\/mr-p.eu\/wp-content\/uploads\/2026\/01\/lets-meet-2026-1024x137.png 1024w, https:\/\/mr-p.eu\/wp-content\/uploads\/2026\/01\/lets-meet-2026-300x40.png 300w, https:\/\/mr-p.eu\/wp-content\/uploads\/2026\/01\/lets-meet-2026-768x103.png 768w, https:\/\/mr-p.eu\/wp-content\/uploads\/2026\/01\/lets-meet-2026-1536x206.png 1536w, https:\/\/mr-p.eu\/wp-content\/uploads\/2026\/01\/lets-meet-2026.png 1918w\" sizes=\"(max-width: 767px) 89vw, (max-width: 1000px) 54vw, (max-width: 1071px) 543px, 580px\" \/><\/a><\/figure>\n\n\n\n<figure class=\"wp-block-gallery has-nested-images columns-4 is-cropped wp-block-gallery-1 is-layout-flex wp-block-gallery-is-layout-flex\">\n<figure class=\"wp-block-image size-large\"><a href=\"https:\/\/mr-p.eu\/?page_id=10\" target=\"_blank\" rel=\" noreferrer noopener\"><img decoding=\"async\" width=\"768\" height=\"1024\" data-id=\"951\" src=\"https:\/\/mr-p.eu\/wp-content\/uploads\/2026\/01\/COACHING-2026-BIG-300X400-768x1024.png\" alt=\"\" class=\"wp-image-951\" srcset=\"https:\/\/mr-p.eu\/wp-content\/uploads\/2026\/01\/COACHING-2026-BIG-300X400-768x1024.png 768w, https:\/\/mr-p.eu\/wp-content\/uploads\/2026\/01\/COACHING-2026-BIG-300X400-225x300.png 225w, https:\/\/mr-p.eu\/wp-content\/uploads\/2026\/01\/COACHING-2026-BIG-300X400-1152x1536.png 1152w, https:\/\/mr-p.eu\/wp-content\/uploads\/2026\/01\/COACHING-2026-BIG-300X400-scaled.png 1920w\" sizes=\"(max-width: 767px) 89vw, (max-width: 1000px) 54vw, (max-width: 1071px) 543px, 580px\" \/><\/a><\/figure>\n\n\n\n<figure class=\"wp-block-image size-large\"><a href=\"https:\/\/mr-p.eu\/?page_id=416\" target=\"_blank\" rel=\" noreferrer noopener\"><img decoding=\"async\" width=\"768\" height=\"1024\" data-id=\"954\" src=\"https:\/\/mr-p.eu\/wp-content\/uploads\/2026\/01\/MENTORING-BIG-2026-300X400-768x1024.png\" alt=\"\" class=\"wp-image-954\" srcset=\"https:\/\/mr-p.eu\/wp-content\/uploads\/2026\/01\/MENTORING-BIG-2026-300X400-768x1024.png 768w, https:\/\/mr-p.eu\/wp-content\/uploads\/2026\/01\/MENTORING-BIG-2026-300X400-225x300.png 225w, https:\/\/mr-p.eu\/wp-content\/uploads\/2026\/01\/MENTORING-BIG-2026-300X400-1152x1536.png 1152w, https:\/\/mr-p.eu\/wp-content\/uploads\/2026\/01\/MENTORING-BIG-2026-300X400-1536x2048.png 1536w, https:\/\/mr-p.eu\/wp-content\/uploads\/2026\/01\/MENTORING-BIG-2026-300X400-scaled.png 1920w\" sizes=\"(max-width: 767px) 89vw, (max-width: 1000px) 54vw, (max-width: 1071px) 543px, 580px\" \/><\/a><\/figure>\n\n\n\n<figure class=\"wp-block-image size-large\"><a href=\"https:\/\/mr-p.eu\/?page_id=507\" target=\"_blank\" rel=\" noreferrer noopener\"><img loading=\"lazy\" decoding=\"async\" width=\"768\" height=\"1024\" data-id=\"957\" src=\"https:\/\/mr-p.eu\/wp-content\/uploads\/2026\/01\/REIKI-BIG-2026-300X400-768x1024.png\" alt=\"\" class=\"wp-image-957\" srcset=\"https:\/\/mr-p.eu\/wp-content\/uploads\/2026\/01\/REIKI-BIG-2026-300X400-768x1024.png 768w, https:\/\/mr-p.eu\/wp-content\/uploads\/2026\/01\/REIKI-BIG-2026-300X400-225x300.png 225w, https:\/\/mr-p.eu\/wp-content\/uploads\/2026\/01\/REIKI-BIG-2026-300X400-1152x1536.png 1152w, https:\/\/mr-p.eu\/wp-content\/uploads\/2026\/01\/REIKI-BIG-2026-300X400-scaled.png 1920w\" sizes=\"(max-width: 767px) 89vw, (max-width: 1000px) 54vw, (max-width: 1071px) 543px, 580px\" \/><\/a><\/figure>\n\n\n\n<figure class=\"wp-block-image size-full\"><a href=\"https:\/\/mr-p.eu\/?page_id=668\" target=\"_blank\" rel=\" noreferrer noopener\"><img loading=\"lazy\" decoding=\"async\" width=\"1920\" height=\"2560\" data-id=\"960\" src=\"https:\/\/mr-p.eu\/wp-content\/uploads\/2026\/01\/TRIALS-BIG-2026-300X400-scaled.png\" alt=\"\" class=\"wp-image-960\" srcset=\"https:\/\/mr-p.eu\/wp-content\/uploads\/2026\/01\/TRIALS-BIG-2026-300X400-scaled.png 1920w, https:\/\/mr-p.eu\/wp-content\/uploads\/2026\/01\/TRIALS-BIG-2026-300X400-225x300.png 225w, https:\/\/mr-p.eu\/wp-content\/uploads\/2026\/01\/TRIALS-BIG-2026-300X400-768x1024.png 768w, https:\/\/mr-p.eu\/wp-content\/uploads\/2026\/01\/TRIALS-BIG-2026-300X400-1152x1536.png 1152w\" sizes=\"(max-width: 767px) 89vw, (max-width: 1000px) 54vw, (max-width: 1071px) 543px, 580px\" \/><\/a><\/figure>\n<\/figure>\n\n\n\n<p><\/p>\n","protected":false},"excerpt":{"rendered":"<p>CZYM JEST MENTORING DUCHOWY? Mentoring Duchowy to przede wszystkim wsparcie w rozwoju duchowym. Duchowo\u015b\u0107 to nie \u017cadna religia, czy nurt do na\u015bladowania. Duchowo\u015b\u0107 to umiej\u0119tny wgl\u0105d w siebie, g\u0142\u00f3wnie poprzez praktyki medytacyjne oraz umiej\u0119tne poznawanie swojej wewn\u0119trznej natury. KTO TO JEST MENTOR? Mentor, Guru, Nauczyciel duchowy \u2013 wszystkie te osoby maj\u0105 ze sob\u0105 wiele wsp\u00f3lnego, &hellip; <\/p>\n<p class=\"link-more\"><a href=\"https:\/\/mr-p.eu\/?page_id=416\" class=\"more-link\">Continue reading<span class=\"screen-reader-text\"> &#8220;MENTORING&#8221;<\/span><\/a><\/p>\n","protected":false},"author":1,"featured_media":647,"parent":0,"menu_order":0,"comment_status":"closed","ping_status":"closed","template":"","meta":{"footnotes":""},"class_list":["post-416","page","type-page","status-publish","has-post-thumbnail","hentry"],"yoast_head":"<!-- This site is optimized with the Yoast SEO plugin v21.3 - https:\/\/yoast.com\/wordpress\/plugins\/seo\/ -->\n<title>MENTORING -<\/title>\n<meta name=\"robots\" content=\"index, follow, max-snippet:-1, max-image-preview:large, max-video-preview:-1\" \/>\n<link rel=\"canonical\" href=\"https:\/\/mr-p.eu\/?page_id=416\" \/>\n<meta property=\"og:locale\" content=\"en_US\" \/>\n<meta property=\"og:type\" content=\"article\" \/>\n<meta property=\"og:title\" content=\"MENTORING -\" \/>\n<meta property=\"og:description\" content=\"CZYM JEST MENTORING DUCHOWY? Mentoring Duchowy to przede wszystkim wsparcie w rozwoju duchowym. Duchowo\u015b\u0107 to nie \u017cadna religia, czy nurt do na\u015bladowania. Duchowo\u015b\u0107 to umiej\u0119tny wgl\u0105d w siebie, g\u0142\u00f3wnie poprzez praktyki medytacyjne oraz umiej\u0119tne poznawanie swojej wewn\u0119trznej natury. KTO TO JEST MENTOR? Mentor, Guru, Nauczyciel duchowy \u2013 wszystkie te osoby maj\u0105 ze sob\u0105 wiele wsp\u00f3lnego, &hellip; Continue reading &quot;MENTORING&quot;\" \/>\n<meta property=\"og:url\" content=\"https:\/\/mr-p.eu\/?page_id=416\" \/>\n<meta property=\"article:modified_time\" content=\"2026-03-02T04:04:34+00:00\" \/>\n<meta property=\"og:image\" content=\"https:\/\/mr-p.eu\/wp-content\/uploads\/2025\/05\/2025-2-scaled.png\" \/>\n\t<meta property=\"og:image:width\" content=\"2560\" \/>\n\t<meta property=\"og:image:height\" content=\"1315\" \/>\n\t<meta property=\"og:image:type\" content=\"image\/png\" \/>\n<meta name=\"twitter:card\" content=\"summary_large_image\" \/>\n<meta name=\"twitter:label1\" content=\"Est. reading time\" \/>\n\t<meta name=\"twitter:data1\" content=\"2 minutes\" \/>\n<script type=\"application\/ld+json\" class=\"yoast-schema-graph\">{\"@context\":\"https:\/\/schema.org\",\"@graph\":[{\"@type\":\"WebPage\",\"@id\":\"https:\/\/mr-p.eu\/?page_id=416\",\"url\":\"https:\/\/mr-p.eu\/?page_id=416\",\"name\":\"MENTORING -\",\"isPartOf\":{\"@id\":\"https:\/\/mr-p.eu\/#website\"},\"datePublished\":\"2024-08-30T20:41:37+00:00\",\"dateModified\":\"2026-03-02T04:04:34+00:00\",\"breadcrumb\":{\"@id\":\"https:\/\/mr-p.eu\/?page_id=416#breadcrumb\"},\"inLanguage\":\"en-US\",\"potentialAction\":[{\"@type\":\"ReadAction\",\"target\":[\"https:\/\/mr-p.eu\/?page_id=416\"]}]},{\"@type\":\"BreadcrumbList\",\"@id\":\"https:\/\/mr-p.eu\/?page_id=416#breadcrumb\",\"itemListElement\":[{\"@type\":\"ListItem\",\"position\":1,\"name\":\"Home\",\"item\":\"https:\/\/mr-p.eu\/\"},{\"@type\":\"ListItem\",\"position\":2,\"name\":\"MENTORING\"}]},{\"@type\":\"WebSite\",\"@id\":\"https:\/\/mr-p.eu\/#website\",\"url\":\"https:\/\/mr-p.eu\/\",\"name\":\"\",\"description\":\"\",\"potentialAction\":[{\"@type\":\"SearchAction\",\"target\":{\"@type\":\"EntryPoint\",\"urlTemplate\":\"https:\/\/mr-p.eu\/?s={search_term_string}\"},\"query-input\":\"required name=search_term_string\"}],\"inLanguage\":\"en-US\"}]}<\/script>\n<!-- \/ Yoast SEO plugin. -->","yoast_head_json":{"title":"MENTORING -","robots":{"index":"index","follow":"follow","max-snippet":"max-snippet:-1","max-image-preview":"max-image-preview:large","max-video-preview":"max-video-preview:-1"},"canonical":"https:\/\/mr-p.eu\/?page_id=416","og_locale":"en_US","og_type":"article","og_title":"MENTORING -","og_description":"CZYM JEST MENTORING DUCHOWY? Mentoring Duchowy to przede wszystkim wsparcie w rozwoju duchowym. Duchowo\u015b\u0107 to nie \u017cadna religia, czy nurt do na\u015bladowania. Duchowo\u015b\u0107 to umiej\u0119tny wgl\u0105d w siebie, g\u0142\u00f3wnie poprzez praktyki medytacyjne oraz umiej\u0119tne poznawanie swojej wewn\u0119trznej natury. KTO TO JEST MENTOR? Mentor, Guru, Nauczyciel duchowy \u2013 wszystkie te osoby maj\u0105 ze sob\u0105 wiele wsp\u00f3lnego, &hellip; Continue reading \"MENTORING\"","og_url":"https:\/\/mr-p.eu\/?page_id=416","article_modified_time":"2026-03-02T04:04:34+00:00","og_image":[{"width":2560,"height":1315,"url":"https:\/\/mr-p.eu\/wp-content\/uploads\/2025\/05\/2025-2-scaled.png","type":"image\/png"}],"twitter_card":"summary_large_image","twitter_misc":{"Est. reading time":"2 minutes"},"schema":{"@context":"https:\/\/schema.org","@graph":[{"@type":"WebPage","@id":"https:\/\/mr-p.eu\/?page_id=416","url":"https:\/\/mr-p.eu\/?page_id=416","name":"MENTORING -","isPartOf":{"@id":"https:\/\/mr-p.eu\/#website"},"datePublished":"2024-08-30T20:41:37+00:00","dateModified":"2026-03-02T04:04:34+00:00","breadcrumb":{"@id":"https:\/\/mr-p.eu\/?page_id=416#breadcrumb"},"inLanguage":"en-US","potentialAction":[{"@type":"ReadAction","target":["https:\/\/mr-p.eu\/?page_id=416"]}]},{"@type":"BreadcrumbList","@id":"https:\/\/mr-p.eu\/?page_id=416#breadcrumb","itemListElement":[{"@type":"ListItem","position":1,"name":"Home","item":"https:\/\/mr-p.eu\/"},{"@type":"ListItem","position":2,"name":"MENTORING"}]},{"@type":"WebSite","@id":"https:\/\/mr-p.eu\/#website","url":"https:\/\/mr-p.eu\/","name":"","description":"","potentialAction":[{"@type":"SearchAction","target":{"@type":"EntryPoint","urlTemplate":"https:\/\/mr-p.eu\/?s={search_term_string}"},"query-input":"required name=search_term_string"}],"inLanguage":"en-US"}]}},"_links":{"self":[{"href":"https:\/\/mr-p.eu\/index.php?rest_route=\/wp\/v2\/pages\/416","targetHints":{"allow":["GET"]}}],"collection":[{"href":"https:\/\/mr-p.eu\/index.php?rest_route=\/wp\/v2\/pages"}],"about":[{"href":"https:\/\/mr-p.eu\/index.php?rest_route=\/wp\/v2\/types\/page"}],"author":[{"embeddable":true,"href":"https:\/\/mr-p.eu\/index.php?rest_route=\/wp\/v2\/users\/1"}],"replies":[{"embeddable":true,"href":"https:\/\/mr-p.eu\/index.php?rest_route=%2Fwp%2Fv2%2Fcomments&post=416"}],"version-history":[{"count":37,"href":"https:\/\/mr-p.eu\/index.php?rest_route=\/wp\/v2\/pages\/416\/revisions"}],"predecessor-version":[{"id":1037,"href":"https:\/\/mr-p.eu\/index.php?rest_route=\/wp\/v2\/pages\/416\/revisions\/1037"}],"wp:featuredmedia":[{"embeddable":true,"href":"https:\/\/mr-p.eu\/index.php?rest_route=\/wp\/v2\/media\/647"}],"wp:attachment":[{"href":"https:\/\/mr-p.eu\/index.php?rest_route=%2Fwp%2Fv2%2Fmedia&parent=416"}],"curies":[{"name":"wp","href":"https:\/\/api.w.org\/{rel}","templated":true}]}}